{"id":1154,"date":"2023-09-05T16:01:05","date_gmt":"2023-09-05T14:01:05","guid":{"rendered":"http:\/\/m.bckarate.fr\/?page_id=1154"},"modified":"2023-09-07T15:26:34","modified_gmt":"2023-09-07T13:26:34","slug":"le-karate-enfants","status":"publish","type":"page","link":"https:\/\/bckarate.fr\/index.php\/le-karate-enfants\/","title":{"rendered":"Le karat\u00e9 enfants"},"content":{"rendered":"[et_pb_section fb_built=\u00a0\u00bb1&Prime; next_background_color=\u00a0\u00bb#ffffff\u00a0\u00bb _builder_version=\u00a0\u00bb4.22.1&Prime; _module_preset=\u00a0\u00bbdefault\u00a0\u00bb background_enable_color=\u00a0\u00bboff\u00a0\u00bb use_background_color_gradient=\u00a0\u00bbon\u00a0\u00bb background_color_gradient_type=\u00a0\u00bbcircular\u00a0\u00bb background_color_gradient_stops=\u00a0\u00bbrgba(10,1,1,0.33) 34%|rgba(10,1,1,0.25) 69%\u00a0\u00bb background_image=\u00a0\u00bbhttp:\/\/m.bckarate.fr\/wp-content\/uploads\/2023\/09\/karate-enfants.jpg\u00a0\u00bb background_position=\u00a0\u00bbtop_center\u00a0\u00bb background_blend=\u00a0\u00bbcolor\u00a0\u00bb bottom_divider_style=\u00a0\u00bbwaves2&Prime; animation_style=\u00a0\u00bbfade\u00a0\u00bb hover_enabled=\u00a0\u00bb0&Prime; global_colors_info=\u00a0\u00bb{}\u00a0\u00bb sticky_enabled=\u00a0\u00bb0&Prime; background_last_edited=\u00a0\u00bbon|phone\u00a0\u00bb background_size_phone=\u00a0\u00bbcontain\u00a0\u00bb][et_pb_row _builder_version=\u00a0\u00bb4.22.1&Prime; _module_preset=\u00a0\u00bbdefault\u00a0\u00bb global_colors_info=\u00a0\u00bb{}\u00a0\u00bb][et_pb_column type=\u00a0\u00bb4_4&Prime; _builder_version=\u00a0\u00bb4.22.1&Prime; _module_preset=\u00a0\u00bbdefault\u00a0\u00bb global_colors_info=\u00a0\u00bb{}\u00a0\u00bb][et_pb_text _builder_version=\u00a0\u00bb4.22.1&Prime; _module_preset=\u00a0\u00bbdefault\u00a0\u00bb header_font=\u00a0\u00bb|||on|||||\u00a0\u00bb header_text_align=\u00a0\u00bbcenter\u00a0\u00bb header_text_color=\u00a0\u00bb#000000&Prime; header_font_size=\u00a0\u00bb46px\u00a0\u00bb animation_style=\u00a0\u00bbslide\u00a0\u00bb hover_transition_speed_curve=\u00a0\u00bbease-in-out\u00a0\u00bb scroll_horizontal_motion=\u00a0\u00bb50|50|50|100|4|0|-4&Prime; header_text_shadow_style=\u00a0\u00bbpreset1&Prime; global_colors_info=\u00a0\u00bb{}\u00a0\u00bb]<h1><strong>Le Karat\u00e9 enfants<\/strong><\/h1>[\/et_pb_text][et_pb_text _builder_version=\u00a0\u00bb4.22.1&Prime; _module_preset=\u00a0\u00bbdefault\u00a0\u00bb text_text_color=\u00a0\u00bb#FFFFFF\u00a0\u00bb global_colors_info=\u00a0\u00bb{}\u00a0\u00bb]<p><\/p>\n<p><span style=\"color: #ffffff; font-size: large;\"><strong>D\u00e9couvre le Monde Fascinant du Karat\u00e9 pour Enfants !<\/strong><\/span><\/p>\n<p><span style=\"color: #ffffff; font-size: large;\">Es-tu pr\u00eat \u00e0 embarquer pour une aventure palpitante o\u00f9 la confiance en soi, la discipline, et le respect sont les ma\u00eetres mots ? Rejoins-nous au <strong>BUDO CIOTADEN KARATE<\/strong> et d\u00e9couvre l&rsquo;univers captivant du karat\u00e9 sp\u00e9cialement con\u00e7u pour les enfants !<\/span><\/p>\n<p><span style=\"color: #ffffff; font-size: large;\"><strong>Pourquoi le Karat\u00e9 est-il le choix id\u00e9al pour toi ?<\/strong><\/span><\/p>\n<ol>\n<li style=\"list-style-type: none;\">\n<ul>\n<li>\n<h4><span style=\"color: #ffffff; font-size: large;\"><strong>Am\u00e9liore ta Confiance en Toi :<\/strong> Le karat\u00e9 te permettra de d\u00e9velopper ta confiance en toi. \u00c0 travers la ma\u00eetrise des mouvements, tu d\u00e9couvriras que tu es capable d&rsquo;accomplir bien plus que ce que tu imagines.<\/span><\/h4>\n<\/li>\n<li>\n<h4><span style=\"color: #ffffff; font-size: large;\"><strong>Apprends l&rsquo;Autod\u00e9fense :<\/strong> Savoir te d\u00e9fendre est essentiel. Au karat\u00e9, tu obtiendras des comp\u00e9tences en autod\u00e9fense qui te donneront la tranquillit\u00e9 d&rsquo;esprit n\u00e9cessaire pour faire face \u00e0 diverses situations.<\/span><\/h4>\n<\/li>\n<li>\n<h4><span style=\"color: #ffffff; font-size: large;\"><strong>Cultive la Discipline :<\/strong> Le karat\u00e9 t&rsquo;apprendra la valeur de la discipline, de la pers\u00e9v\u00e9rance et du respect des autres. Ces comp\u00e9tences te seront utiles dans tous les aspects de ta vie.<\/span><\/h4>\n<\/li>\n<li>\n<h4><span style=\"color: #ffffff; font-size: large;\"><strong>Fais de Nouveaux Amis :<\/strong> Au sein de notre club, tu te feras de nouveaux amis qui partagent la m\u00eame passion pour le karat\u00e9. Ensemble, vous formerez une \u00e9quipe soud\u00e9e.<\/span><\/h4>\n<\/li>\n<li>\n<h4><span style=\"color: #ffffff; font-size: large;\"><strong>S&rsquo;amuser en Bougeant :<\/strong> Le karat\u00e9 est avant tout amusant ! Les s\u00e9ances d&rsquo;entra\u00eenement sont interactives et stimulantes, te permettant de rester actif tout en t&rsquo;amusant.<\/span><\/h4>\n<\/li>\n<\/ul>\n<\/li>\n<\/ol>\n<p><span style=\"color: #ffffff; font-size: large;\"><strong>Rejoins-nous d\u00e8s aujourd&rsquo;hui pour une exp\u00e9rience karat\u00e9 inoubliable !<\/strong> <br \/><\/span><\/p>\n<p><span style=\"color: #ffffff; font-size: large;\">\u00a0<\/span><\/p>\n<p><\/p>[\/et_pb_text][\/et_pb_column][\/et_pb_row][\/et_pb_section]","protected":false},"excerpt":{"rendered":"<p>Le Karat\u00e9 enfants D\u00e9couvre le Monde Fascinant du Karat\u00e9 pour Enfants ! Es-tu pr\u00eat \u00e0 embarquer pour une aventure palpitante o\u00f9 la confiance en soi, la discipline, et le respect sont les ma\u00eetres mots ? Rejoins-nous au BUDO CIOTADEN KARATE et d\u00e9couvre l&rsquo;univers captivant du karat\u00e9 sp\u00e9cialement con\u00e7u pour les enfants ! Pourquoi le Karat\u00e9 [&hellip;]<\/p>\n","protected":false},"author":1,"featured_media":0,"parent":0,"menu_order":0,"comment_status":"closed","ping_status":"closed","template":"","meta":{"_et_pb_use_builder":"on","_et_pb_old_content":"","_et_gb_content_width":"","footnotes":""},"class_list":["post-1154","page","type-page","status-publish","hentry"],"yoast_head":"<!-- This site is optimized with the Yoast SEO plugin v27.3 - https:\/\/yoast.com\/product\/yoast-seo-wordpress\/ -->\n<title>Le karat\u00e9 enfants - BCKarat\u00e9<\/title>\n<meta name=\"robots\" content=\"index, follow, max-snippet:-1, max-image-preview:large, max-video-preview:-1\" \/>\n<link rel=\"canonical\" href=\"https:\/\/bckarate.fr\/index.php\/le-karate-enfants\/\" \/>\n<meta property=\"og:locale\" content=\"fr_FR\" \/>\n<meta property=\"og:type\" content=\"article\" \/>\n<meta property=\"og:title\" content=\"Le karat\u00e9 enfants - BCKarat\u00e9\" \/>\n<meta property=\"og:description\" content=\"Le Karat\u00e9 enfants D\u00e9couvre le Monde Fascinant du Karat\u00e9 pour Enfants ! Es-tu pr\u00eat \u00e0 embarquer pour une aventure palpitante o\u00f9 la confiance en soi, la discipline, et le respect sont les ma\u00eetres mots ? Rejoins-nous au BUDO CIOTADEN KARATE et d\u00e9couvre l&#039;univers captivant du karat\u00e9 sp\u00e9cialement con\u00e7u pour les enfants ! Pourquoi le Karat\u00e9 [&hellip;]\" \/>\n<meta property=\"og:url\" content=\"https:\/\/bckarate.fr\/index.php\/le-karate-enfants\/\" \/>\n<meta property=\"og:site_name\" content=\"BCKarat\u00e9\" \/>\n<meta property=\"article:publisher\" content=\"https:\/\/www.facebook.com\/BudoCiotadenKarate\" \/>\n<meta property=\"article:modified_time\" content=\"2023-09-07T13:26:34+00:00\" \/>\n<meta name=\"twitter:card\" content=\"summary_large_image\" \/>\n<meta name=\"twitter:label1\" content=\"Dur\u00e9e de lecture estim\u00e9e\" \/>\n\t<meta name=\"twitter:data1\" content=\"2 minutes\" \/>\n<script type=\"application\/ld+json\" class=\"yoast-schema-graph\">{\"@context\":\"https:\\\/\\\/schema.org\",\"@graph\":[{\"@type\":\"WebPage\",\"@id\":\"https:\\\/\\\/bckarate.fr\\\/index.php\\\/le-karate-enfants\\\/\",\"url\":\"https:\\\/\\\/bckarate.fr\\\/index.php\\\/le-karate-enfants\\\/\",\"name\":\"Le karat\u00e9 enfants - BCKarat\u00e9\",\"isPartOf\":{\"@id\":\"https:\\\/\\\/bckarate.fr\\\/#website\"},\"datePublished\":\"2023-09-05T14:01:05+00:00\",\"dateModified\":\"2023-09-07T13:26:34+00:00\",\"breadcrumb\":{\"@id\":\"https:\\\/\\\/bckarate.fr\\\/index.php\\\/le-karate-enfants\\\/#breadcrumb\"},\"inLanguage\":\"fr-FR\",\"potentialAction\":[{\"@type\":\"ReadAction\",\"target\":[\"https:\\\/\\\/bckarate.fr\\\/index.php\\\/le-karate-enfants\\\/\"]}]},{\"@type\":\"BreadcrumbList\",\"@id\":\"https:\\\/\\\/bckarate.fr\\\/index.php\\\/le-karate-enfants\\\/#breadcrumb\",\"itemListElement\":[{\"@type\":\"ListItem\",\"position\":1,\"name\":\"Accueil\",\"item\":\"https:\\\/\\\/bckarate.fr\\\/\"},{\"@type\":\"ListItem\",\"position\":2,\"name\":\"Le karat\u00e9 enfants\"}]},{\"@type\":\"WebSite\",\"@id\":\"https:\\\/\\\/bckarate.fr\\\/#website\",\"url\":\"https:\\\/\\\/bckarate.fr\\\/\",\"name\":\"BCKarat\u00e9\",\"description\":\"Club de karat\u00e9 de La Ciotat\",\"publisher\":{\"@id\":\"https:\\\/\\\/bckarate.fr\\\/#organization\"},\"potentialAction\":[{\"@type\":\"SearchAction\",\"target\":{\"@type\":\"EntryPoint\",\"urlTemplate\":\"https:\\\/\\\/bckarate.fr\\\/?s={search_term_string}\"},\"query-input\":{\"@type\":\"PropertyValueSpecification\",\"valueRequired\":true,\"valueName\":\"search_term_string\"}}],\"inLanguage\":\"fr-FR\"},{\"@type\":\"Organization\",\"@id\":\"https:\\\/\\\/bckarate.fr\\\/#organization\",\"name\":\"BCKarat\u00e9\",\"url\":\"https:\\\/\\\/bckarate.fr\\\/\",\"logo\":{\"@type\":\"ImageObject\",\"inLanguage\":\"fr-FR\",\"@id\":\"https:\\\/\\\/bckarate.fr\\\/#\\\/schema\\\/logo\\\/image\\\/\",\"url\":\"http:\\\/\\\/m.bckarate.fr\\\/wp-content\\\/uploads\\\/2023\\\/02\\\/logo_rond_250_250px.png\",\"contentUrl\":\"http:\\\/\\\/m.bckarate.fr\\\/wp-content\\\/uploads\\\/2023\\\/02\\\/logo_rond_250_250px.png\",\"width\":250,\"height\":250,\"caption\":\"BCKarat\u00e9\"},\"image\":{\"@id\":\"https:\\\/\\\/bckarate.fr\\\/#\\\/schema\\\/logo\\\/image\\\/\"},\"sameAs\":[\"https:\\\/\\\/www.facebook.com\\\/BudoCiotadenKarate\"]}]}<\/script>\n<!-- \/ Yoast SEO plugin. -->","yoast_head_json":{"title":"Le karat\u00e9 enfants - BCKarat\u00e9","robots":{"index":"index","follow":"follow","max-snippet":"max-snippet:-1","max-image-preview":"max-image-preview:large","max-video-preview":"max-video-preview:-1"},"canonical":"https:\/\/bckarate.fr\/index.php\/le-karate-enfants\/","og_locale":"fr_FR","og_type":"article","og_title":"Le karat\u00e9 enfants - BCKarat\u00e9","og_description":"Le Karat\u00e9 enfants D\u00e9couvre le Monde Fascinant du Karat\u00e9 pour Enfants ! Es-tu pr\u00eat \u00e0 embarquer pour une aventure palpitante o\u00f9 la confiance en soi, la discipline, et le respect sont les ma\u00eetres mots ? Rejoins-nous au BUDO CIOTADEN KARATE et d\u00e9couvre l'univers captivant du karat\u00e9 sp\u00e9cialement con\u00e7u pour les enfants ! Pourquoi le Karat\u00e9 [&hellip;]","og_url":"https:\/\/bckarate.fr\/index.php\/le-karate-enfants\/","og_site_name":"BCKarat\u00e9","article_publisher":"https:\/\/www.facebook.com\/BudoCiotadenKarate","article_modified_time":"2023-09-07T13:26:34+00:00","twitter_card":"summary_large_image","twitter_misc":{"Dur\u00e9e de lecture estim\u00e9e":"2 minutes"},"schema":{"@context":"https:\/\/schema.org","@graph":[{"@type":"WebPage","@id":"https:\/\/bckarate.fr\/index.php\/le-karate-enfants\/","url":"https:\/\/bckarate.fr\/index.php\/le-karate-enfants\/","name":"Le karat\u00e9 enfants - BCKarat\u00e9","isPartOf":{"@id":"https:\/\/bckarate.fr\/#website"},"datePublished":"2023-09-05T14:01:05+00:00","dateModified":"2023-09-07T13:26:34+00:00","breadcrumb":{"@id":"https:\/\/bckarate.fr\/index.php\/le-karate-enfants\/#breadcrumb"},"inLanguage":"fr-FR","potentialAction":[{"@type":"ReadAction","target":["https:\/\/bckarate.fr\/index.php\/le-karate-enfants\/"]}]},{"@type":"BreadcrumbList","@id":"https:\/\/bckarate.fr\/index.php\/le-karate-enfants\/#breadcrumb","itemListElement":[{"@type":"ListItem","position":1,"name":"Accueil","item":"https:\/\/bckarate.fr\/"},{"@type":"ListItem","position":2,"name":"Le karat\u00e9 enfants"}]},{"@type":"WebSite","@id":"https:\/\/bckarate.fr\/#website","url":"https:\/\/bckarate.fr\/","name":"BCKarat\u00e9","description":"Club de karat\u00e9 de La Ciotat","publisher":{"@id":"https:\/\/bckarate.fr\/#organization"},"potentialAction":[{"@type":"SearchAction","target":{"@type":"EntryPoint","urlTemplate":"https:\/\/bckarate.fr\/?s={search_term_string}"},"query-input":{"@type":"PropertyValueSpecification","valueRequired":true,"valueName":"search_term_string"}}],"inLanguage":"fr-FR"},{"@type":"Organization","@id":"https:\/\/bckarate.fr\/#organization","name":"BCKarat\u00e9","url":"https:\/\/bckarate.fr\/","logo":{"@type":"ImageObject","inLanguage":"fr-FR","@id":"https:\/\/bckarate.fr\/#\/schema\/logo\/image\/","url":"http:\/\/m.bckarate.fr\/wp-content\/uploads\/2023\/02\/logo_rond_250_250px.png","contentUrl":"http:\/\/m.bckarate.fr\/wp-content\/uploads\/2023\/02\/logo_rond_250_250px.png","width":250,"height":250,"caption":"BCKarat\u00e9"},"image":{"@id":"https:\/\/bckarate.fr\/#\/schema\/logo\/image\/"},"sameAs":["https:\/\/www.facebook.com\/BudoCiotadenKarate"]}]}},"_links":{"self":[{"href":"https:\/\/bckarate.fr\/index.php\/wp-json\/wp\/v2\/pages\/1154","targetHints":{"allow":["GET"]}}],"collection":[{"href":"https:\/\/bckarate.fr\/index.php\/wp-json\/wp\/v2\/pages"}],"about":[{"href":"https:\/\/bckarate.fr\/index.php\/wp-json\/wp\/v2\/types\/page"}],"author":[{"embeddable":true,"href":"https:\/\/bckarate.fr\/index.php\/wp-json\/wp\/v2\/users\/1"}],"replies":[{"embeddable":true,"href":"https:\/\/bckarate.fr\/index.php\/wp-json\/wp\/v2\/comments?post=1154"}],"version-history":[{"count":10,"href":"https:\/\/bckarate.fr\/index.php\/wp-json\/wp\/v2\/pages\/1154\/revisions"}],"predecessor-version":[{"id":1208,"href":"https:\/\/bckarate.fr\/index.php\/wp-json\/wp\/v2\/pages\/1154\/revisions\/1208"}],"wp:attachment":[{"href":"https:\/\/bckarate.fr\/index.php\/wp-json\/wp\/v2\/media?parent=1154"}],"curies":[{"name":"wp","href":"https:\/\/api.w.org\/{rel}","templated":true}]}}